e
Suppose -3*x + 8 = -5*s - 12, 5*x = -4*s - 16. Let i be (s/(-10))/((-3)/(-30)). Let t(h) = h**2 - 3*h + 6. Is t(i) a composite number?
True
Suppose 5*q = 2*q + 417. Is q a prime number?
True
Let v(u) = -u**3 - 5*u**2 - 9*u - 7. Is v(-10) a prime number?
False
Let b(d) be the third derivative of 3*d**4/8 - 5*d**3/6 + 10*d**2. Is b(16) a prime number?
True
Suppose -66 = 3*k + 807. Is k/2*4/(-3) prime?
False
Let s(w) = 2*w**2 - 14*w - 4. Let p be s(10). Is -3 - 6*p/(-6) prime?
True
Let x = 1306 + -363. Is x composite?
True
Let n(p) = -9*p + p**2 - 1 + 46*p**3 + 9*p. Is n(2) prime?
False
Let i be -1 + -24 + 0 - -1. Let f be 2/(-5) + i/(-10). Suppose -4*o = 5*c - 91, 2*o = -3*o + f*c + 89. Is o a composite number?
False
Suppose 0 = 2*c + c + 132. Let b = 63 + c. Is b prime?
True
Suppose l + l = 5*c - 5, -3*l = c - 1. Is -1 + 16 + -2 + c composite?
True
Suppose 0 = -2*l + 5*n + 21, -2*l - 6 = -0*n + 4*n. Suppose -l*f = 2*x - 83, -2*f + 3*x - 6*x = -62. Is f composite?
True
Suppose d - 4 = -z, -2*d - 16 = -3*z - z. Let o be z/(-6) + (-62)/(-3). Suppose -o = -g + 6. Is g prime?
False
Suppose 0 = d + d + 2, 4*x + d - 7915 = 0. Is x prime?
True
Let m be 264/(-26) - (-10)/65. Is 6/(-15) + (-314)/m prime?
True
Let n(g) = -g**2 - 9*g + 5. Let r be -7 - (0/(-1) + 1). Is n(r) a composite number?
False
Let f(n) = 0*n**2 - 4*n**2 - n**3 - 3*n + 4 - 11. Let w(i) = i**3 - 5*i**2 + 5*i - 4. Let l be w(3). Is f(l) a composite number?
True
Let y(z) = -189*z - 13. Is y(-3) composite?
True
Let p be 108/(-14) + (-8)/28. Is ((-14)/p)/1*116 a prime number?
False
Let h = -13 + 6. Let p(u) = -4*u + 3. Is p(h) a composite number?
False
Let q be 1/(-3) + (-38)/(-6). Suppose -q*v + 273 = -33. Is v composite?
True
Suppose 4*o = 2*o + 382. Is o a prime number?
True
Let i be 6/4*(-12)/(-9). Let n be 5/(-3) - i/(-3). Is n - -18 - (3 + -1) prime?
False
Suppose -13 - 171 = -z. Let s = 17 + z. Is s a composite number?
True
Suppose -2*u + 135 = 3*v, -v + 2*u + 100 = v. Is v a composite number?
False
Let l = -488 - -2667. Is l a prime number?
True
Let g(p) = -4*p - 2. Let a be g(-2). Let o = -1 + a. Suppose 4*b - 363 = o*j, 0*j - 107 = -b - 2*j. Is b a prime number?
True
Suppose 5 = 2*o + 63. Let q = o + 66. Is q a prime number?
True
Suppose 2*l - 290 = -3*l. Is l prime?
False
Let x = 1 - -58. Is x prime?
True
Suppose -92 = 3*o + d, -d = 1 - 2. Let r = 54 + o. Is r a composite number?
False
Suppose 0*p + 2*m - 2 = 4*p, 4 = 4*m. Let r be (p*(-3)/9)/(-2). Suppose -g - 40 + 155 = r. Is g a prime number?
False
Suppose 4*u - 34 = 2*u. Let j = u - 12. Suppose -3*t + 126 + 334 = j*d, 0 = 3*d + 2*t - 277. Is d composite?
False
Suppose 5*h - 1094 = -3*z, -h + 0*z + 229 = 4*z. Is h a composite number?
True
Suppose -4*j + 18 - 2 = 0. Suppose m + 3*p = 26, -j*m - 2*p = m - 169. Is m a prime number?
False
Let g(u) be the third derivative of 3*u**5/5 + u**4/12 - u**3/6 - 5*u**2. Is g(1) composite?
False
Suppose 3*o + 97 - 507 = -g, 5*o - 420 = -g. Is g a composite number?
True
Let m(q) = -q - 2. Let u be m(-3). Let s = -1 + u. Suppose s = -4*o + 427 + 225. Is o a composite number?
False
Let r(m) = -5*m - 6. Let p be r(-6). Let d be (p/(-9))/(2/(-69)). Suppose 3*j + j - d = 0. Is j a prime number?
True
Suppose 10*b = 80930 + 3100. Is b prime?
False
Let u be 1/(3*(-2)/(-6)). Let c be -2 + (-2 + u - -4). Let k(d) = 75*d**2 - d. Is k(c) composite?
True
Let o(b) = 6 - 3 + 17*b - 73*b. Is o(-8) a prime number?
False
Let p be ((-4)/12)/(1/(-3)). Is ((-175)/10)/(p/(-2)) a prime number?
False
Suppose d = 17 + 7. Suppose 5*m + 4*j - 11 = d, -3*j = 3*m - 24. Suppose m*o - 30 = o. Is o prime?
False
Let g be 2/(-7) + 360/35. Let q(p) = 10*p + 13. Let o be q(g). Let v = o + -64. Is v a prime number?
False
Suppose 11*r + 338 = 13*r. Is r prime?
False
Let o be (-108)/(-15) + (-2)/10. Is (-2)/o - 4068/(-28) a composite number?
True
Let r be (-10)/(-45) + 34/9. Let h(q) = 3*q**2 - 6*q + 1. Is h(r) prime?
False
Let h be (-6)/(-15) + (-2)/5. Suppose -5*o + 0 = -20. Suppose h = -5*a + p + 262, 0 = -o*p + 13 - 1. Is a prime?
True
Let n = -1 + -5. Let t be n/(4/((-40)/3)). Suppose 0*x - 4*x = t, m + x = 32. Is m a prime number?
True
Let k(x) = -x**2 - 5*x - 2. Let t be k(-4). Suppose 4 + t = 3*z. Suppose 3*y = -z*y - n + 347, 0 = 4*n - 8. Is y composite?
True
Suppose -5*g + 66 = -4*l, -l - 44 = 2*l - g. Is (-1662)/l - (-10)/35 a composite number?
True
Let d(w) = 15*w. Let q be d(4). Let m be (2/(-3))/((-10)/q). Suppose -m*r - 3*t + 78 = -r, 0 = 4*r + 5*t - 109. Is r prime?
False
Suppose -4*t = 4*n + 32, t + n - 8 = 4*t. Let k(u) = 5 - 4*u + u**3 - 8 - 2 + u + 4*u**2. Is k(t) a composite number?
False
Let m = -202 - -316. Let p = -63 + m. Is p composite?
True
Is 17754/(-4)*3/((-18)/4) prime?
False
Let i = 3 + -2. Let m = i + -4. Is (-6)/(-9) - 289/m prime?
True
Let j be 2/(-7) + (-80)/(-35). Suppose q = -j*w - 8, 2 = -w - 1. Is 5/((1*q)/(-34)) composite?
True
Suppose -4*v = -6*v - 8. Is 716/6 + v/12 a prime number?
False
Let r(w) = 13*w + 17. Let h(b) = -6*b - 8. Let g(u) = 5*h(u) + 2*r(u). Is g(-7) prime?
False
Let k be ((-1)/(-1))/(1/(-6)). Is (74/k)/(2/(-6)) composite?
False
Is ((-282)/(-18))/(1/21) composite?
True
Suppose 4*u + 5*b + 8 = 0, 4*u - 3*b - 21 = u. Suppose 5*z - u*z - 2*a = 326, -a = -3*z + 489. Is z prime?
True
Let g(y) = y**2 + 16*y + 62. Is g(25) composite?
False
Let p be (8 - 4)/((-2)/(-1)). Let h(y) = y**3 - y**2 + 2*y - 1. Is h(p) a composite number?
False
Let h = 1 - -3. Suppose w + p = 2, 0*p = h*w - 3*p - 1. Let k(r) = 40*r**3 - 2*r**2 + 1. Is k(w) prime?
False
Let z = -2 - -17. Let h be 51/z - 6/15. Suppose 15 = h*d - 2*q, -4*q - 6 = -3*d + 3. Is d a composite number?
False
Let v(k) = 653*k + 14. Is v(3) composite?
False
Suppose -4*b + 914 = 2*l, 5*b - 275 = 4*l - 2038. Let z = l + -298. Is z prime?
True
Let n be (1 + -1)/(-3) + 24. Suppose -a - 9 = -4*a, -4*u + 4*a + n = 0. Is u prime?
False
Suppose 0 = -2*h + 5*u + 4177 + 2639, h - 3405 = u. Is h a composite number?
True
Suppose t + 2*t + s - 444 = 0, 4*s = -4*t + 584. Is t prime?
True
Suppose 0 = 2*o + 50 - 0. Suppose -56 = 4*s - 260. Let n = o + s. Is n a composite number?
True
Let q(c) = -18*c + 3. Let b(o) = 1. Let k(r) = -12*b(r) + 3*q(r). Let i be k(-5). Suppose -i = -2*j - j. Is j composite?
False
Let k be (-2)/5 + 12/5. Let t be (-2)/(2/(-6)*k). Suppose -7*m + 12 = -2*m + 3*s, -t*m = -5*s - 14. Is m composite?
False
Suppose 5*q - 8 = 27. Let s(b) = -4*b + q + 30 + 3*b. Is s(0) prime?
True
Let g(w) = 44*w - 6. Let x(h) = 44*h - 5. Let a(o) = 6*g(o) - 7*x(o). Is a(-1) prime?
True
Let f(a) = 22*a**2 - 4*a - 19. Is f(-7) a composite number?
False
Suppose 0*t = -3*t + 6, -5*d + 4*t = -2. Suppose -71 = -d*l - 3*x, 0 = -4*l + 3*x + 170 - 19. Is l composite?
False
Let v = -3638 + 6901. Is v composite?
True
Let g(r) = r**3 + 8*r**2 + 7*r + 1. Let k be g(-7). Let o(p) = -33*p + 1. Let d be o(k). Let n = d + 119. Is n a prime number?
False
Let u(n) = -1 + n - 1 + 3 + 3*n**2. Is u(3) prime?
True
Suppose -5*b = -2 - 78. Let o be (-4)/b + (-5)/(-4). Is o/(-2) + 135/6 a composite number?
True
Let b be 4/(-18) - 128/72. Is (b/6)/((-1)/69) composite?
False
Let z = -187 - -284. Is z prime?
True
Let q = -1 + 1. Suppose -4*h + 276 + 492 = q. Suppose 4*a - 158 = -5*f, -h = -5*a - 3*f - 1. Is a a prime number?
True
Let o(b) = -b - 12. Let a be o(-10). Let r(z) = 32*z**2 + 3*z. Let x be r(a). Suppose 3*u - 7 = x. Is u prime?
True
Is 364/3 - 5/15 a composite number?
True
Let y = 150 - -257. Is y a composite number?
True
Let c(f) = -110*f**3 + 3*f - 2*f**2 + 0*f - 2*f. Let p be c(1). Let h = 188 + p. Is h a composite number?
True
Suppose j + 4*j + 4*p - 13937 = 0, -j + 2779 = 5*p. Is j prime?
True
Let g = 269 - 192. Is g a composite number?
True
Suppose 2 = 4*a - 6. Suppose a*r - 2 - 28 = 0. Is (-789)/(-15) + 6/r a prime number?
True
Suppose -2*t + 0*t - 11 = -5*m, 2*t + 5*m = 19. Suppose 3*k + 4*u - 8 = 0, -t*u = -k - 3*k - 4. Is 1/(3/57 + k) composite?
False
Let h(s) = 2*s**2 + 9*s - 10. Is h(-8) composite?
True
Suppose 3*u = 1 + 2. Let k(o) be the first derivative of 12*o**2 + o + 5. Is k(u) a prime number?
False
Let h(o) = o**2 - o - 10. Let m(j) = 9*j**3 + j**2 - 3*j + 2. Let w be m(1). Is h(w) prime?
False
Let l be (112/(-20))/((-2)/60). Suppose -